is the hundred thousands digit of 4684177830?
1
What is the ten millions digit of 553589906?
5
What is the thousands digit of 67664214?
4
What is the hundreds digit of 40997011?
0
What is the billions digit of 4051262742?
4
What is the millions digit of 889136387?
9
What is the ten thousands digit of 4409875?
0
What is the hundreds digit of 1111980656?
6
What is the units digit of 1065015283?
3
What is the hundred thousands digit of 52379939?
3
What is the hundred thousands digit of 78360035?
3
What is the hundreds digit of 84249909?
9
What is the units digit of 35055196?
6
What is the units digit of 740698010?
0
What is the billions digit of 6930305933?
6
What is the ten thousands digit of 33748433?
4
What is the hundred millions digit of 2523477031?
5
What is the millions digit of 1777015966?
7
What is the thousands digit of 30871054?
1
What is the thousands digit of 5484530394?
0
What is the tens digit of 1332603081?
8
What is the billions digit of 1369511102?
1
What is the hundred thousands digit of 40908345?
9
What is the hundreds digit of 178474126?
1
What is the units digit of 29626016?
6
What is the hundreds digit of 544737748?
7
What is the millions digit of 119694267?
9
What is the tens digit of 44175583?
8
What is the hundred thousands digit of 628201237?
2
What is the millions digit of 15377655?
5
What is the tens digit of 705353358?
5
What is the ten thousands digit of 8609628?
0
What is the hundreds digit of 805677328?
3
What is the hundred thousands digit of 1421697859?
6
What is the ten millions digit of 159946831?
5
What is the thousands digit of 3964999?
4
What is the tens digit of 266693?
9
What is the thousands digit of 7666147?
6
What is the tens digit of 75377590?
9
What is the thousands digit of 64432269?
2
What is the units digit of 5877487?
7
What is the hundred thousands digit of 53766550?
7
What is the hundred thousands digit of 40156816?
1
What is the hundred thousands digit of 72493662?
4
What is the hundreds digit of 1572459817?
8
What is the hundreds digit of 64483331?
3
What is the ten millions digit of 2565560447?
6
What is the ten millions digit of 249853543?
4
What is the tens digit of 2373013493?
9
What is the millions digit of 2208379293?
8
What is the millions digit of 58488955?
8
What is the tens digit of 2589983319?
1
What is the hundred thousands digit of 3370920190?
9
What is the hundred millions digit of 450141247?
4
What is the millions digit of 13850989?
3
What is the hundred thousands digit of 68235167?
2
What is the ten millions digit of 97660406?
9
What is the thousands digit of 92439241?
9
What is the ten thousands digit of 34705279?
0
What is the hundred thousands digit of 94163022?
1
What is the thousands digit of 159199782?
9
What is the hundred thousands digit of 1145008372?
0
What is the hundreds digit of 172168527?
5
What is the hundreds digit of 962906965?
9
What is the billions digit of 3473640088?
3
What is the hundred thousands digit of 2222639630?
6
What is the units digit of 607592251?
1
What is the tens digit of 1079920039?
3
What is the hundreds digit of 126166198?
1
What is the thousands digit of 150152953?
2
What is the units digit of 256572943?
3
What is the hundred thousands digit of 609693805?
6
What is the hundreds digit of 95947274?
2
What is the ten millions digit of 413188972?
1
What is the thousands digit of 167782787?
2
What is the units digit of 259492469?
9
What is the thousands digit of 3524430018?
0
What is the ten millions digit of 3065919369?
6
What is the tens digit of 809101210?
1
What is the ten thousands digit of 57601153?
0
What is the hundred thousands digit of 114873326?
8
What is the thousands digit of 192783205?
3
What is the units digit of 1203049831?
1
What is the ten millions digit of 83288428?
8
What is the ten millions digit of 1340814370?
4
What is the units digit of 1458777963?
3
What is the ten thousands digit of 41754107?
5
What is the thousands digit of 1632542?
2
What is the hundred millions digit of 6197924421?
1
What is the hundreds digit of 55724696?
6
What is the hundreds digit of 275245324?
3
What is the units digit of 155920969?
9
What is the tens digit of 34441329?
2
What is the tens digit of 141480575?
7
What is the tens digit of 44686123?
2
What is the ten millions digit of 80984003?
8
What is the ten millions digit of 85489778?
8
What is the billions digit of 4612678655?
4
What is the ten thousands digit of 60037101?
3
What is the hundreds digit of 312692875?
8
What is the hundred millions digit of 161306831?
1
What is the hundreds digit of 1683885448?
4
What is the millions digit of 57351981?
7
What is the ten millions digit of 60609486?
6
What is the ten thousands digit of 5584131786?
3
What is the ten millions digit of 14033396?
1
What is the thousands digit of 311770188?
0
What is the ten thousands digit of 2198439754?
3
What is the ten millions digit of 983901210?
8
What is the tens digit of 55610586?
8
What is the ten thousands digit of 14726335?
2
What is the millions digit of 153428608?
3
What is the ten millions digit of 1428907471?
2
What is the millions digit of 756644340?
6
What is the millions digit of 302873594?
2
What is the ten millions digit of 217609265?
1
What is the ten millions digit of 16285863?
1
What is the millions digit of 192999340?
2
What is the hundred thousands digit of 307584786?
5
What is the tens digit of 169424814?
1
What is the hundred millions digit of 341637136?
3
What is the billions digit of 3271421507?
3
What is the tens digit of 132394397?
9
What is the hundreds digit of 7313624165?
1
What is the units digit of 52949056?
6
What is the hundred thousands digit of 79981572?
9
What is the hundreds digit of 1179458381?
3
What is the units digit of 103998400?
0
What is the ten millions digit of 2351510952?
5
What is the thousands digit of 1449529863?
9
What is the units digit of 10541442?
2
What is the ten thousands digit of 4727657698?
5
What is the hundred thousands digit of 30447992?
4
What is the millions digit of 23940325?
3
What is the tens digit of 46108925?
2
What is the thousands digit of 908225990?
5
What is the hundred thousands digit of 1361315810?
3
What is the thousands digit of 864470566?
0
What is the ten thousands digit of 330862214?
6
What is the hundred millions digit of 197913664?
1
What is the ten thousands digit of 429458968?
5
What is the units digit of 25669117?
7
What is the tens digit of 67608359?
5
What is the tens digit of 44971343?
4
What is the ten thousands digit of 311139758?
3
What is the hundred thousands digit of 123775283?
7
What is the hundred thousands digit of 201149875?
1
What is the hundreds digit of 190051501?
5
What is the millions digit of 697717419?
7
What is the units digit of 67182790?
0
What is the ten thousands digit of 21245450?
4
What is the hundred thousands digit of 5816997?
8
What is the hundred millions digit of 205152926?
2
What is the hundred thousands digit of 2710534144?
5
What is the tens digit of 1231544562?
6
What is the ten millions digit of 63611993?
6
What is the hundreds digit of 440169783?
7
What is the hundred thousands digit of 41528803?
5
What is the ten millions digit of 1401455096?
0
What is the hundreds digit of 705609002?
0
What is the millions digit of 229931306?
9
What is the ten millions digit of 1306271764?
0
What is the thousands digit of 2870564425?
4
What is the thousands digit of 16675750?
5
What is the hundred thousands digit of 1674515?
6
What is the millions digit of 2646264385?
6
What is the thousands digit of 13087017?
7
What is the thousands digit of 39393253?
3
What is the hundred thousands digit of 1036496209?
4
What is the hundred thousands digit of 136602364?
6
What is the thousands digit of 208743905?
3
What is the ten thousands digit of 1641206806?
0
What is the units digit of 719056652?
2
What is the units digit of 657921848?
8
What is the ten thousands digit of 1211233?
1
What is the tens digit of 220814231?
3
What is the hundreds digit of 311771205?
2
What is the hundred thousands digit of 4284249?
2
What is the units digit of 2055968970?
0
What is the hundreds digit of 497618673?
6
What is the ten millions digit of 2608142262?
0
What is the hundred thousands digit of 899125?
8
What is the billions di